{"id":4653,"date":"2024-12-14T17:45:12","date_gmt":"2024-12-14T17:45:12","guid":{"rendered":"https:\/\/wiloutech.com\/blog\/?page_id=4653"},"modified":"2024-12-14T17:57:35","modified_gmt":"2024-12-14T17:57:35","slug":"services","status":"publish","type":"page","link":"https:\/\/wiloutech.com\/blog\/services\/","title":{"rendered":"Services"},"content":{"rendered":"\n\n\n\r\n<figure class=\"wp-block-pullquote\">\r\n<blockquote><span style=\"background-color: #fbfbfb; color: #000000; font-family: Roboto, sans-serif; font-size: 13pt; white-space-collapse: preserve;\">\u00c0 la recherche d\u2019un moyen efficace pour promouvoir votre entreprise en ligne ? Ne cherchez plus ! Nous vous proposons des services adapt\u00e9s \u00e0 vos besoins sp\u00e9cifiques et \u00e0 votre budget.<\/span><\/blockquote>\r\n<\/figure>\r\n\n\r\n<figure class=\"wp-block-pullquote\">\r\n<blockquote><em>Nous sommes pr\u00eats \u00e0 vous r\u00e9pondre \u00e0 vos besoins et \u00e0 vous aider \u00e0 b\u00e2tir une pr\u00e9sence num\u00e9rique forte et professionnelle.<\/em><\/blockquote>\r\n<\/figure>\r\n\n\r\n<p>&nbsp;<\/p>\r\n\n\r\n<h4 class=\"wp-block-heading\">Conception de sites web<\/h4>\r\n\n\n\n\n\n\r\n<p>\ud83c\udf10 TRANSFORMEZ VOTRE PR\u00c9SENCE EN LIGNE !<\/p>\r\n<p>Cr\u00e9ation de sites Web professionnels<\/p>\r\n<p>&nbsp;<\/p>\r\n<p>\u2728 Votre site Web comme vous l&#8217;avez toujours r\u00eav\u00e9<\/p>\r\n<p>\ud83d\udcbb Design r\u00e9actif et moderne<\/p>\r\n<p>\ud83d\ude80 Optimis\u00e9 pour les appareils mobiles<\/p>\r\n<p>\ud83d\udc8e Mise en page personnalis\u00e9e<\/p>\r\n<p>\ud83d\udd12 S\u00e9curit\u00e9 garantie<\/p>\r\n\n\n\n\n\n\n\n\n<p class=\"\"><strong><br><\/strong><\/p>\n<p class=\"\"><strong>Qu&#8217;est-ce qu&#8217;un site Web?<\/strong><\/p>\n<p class=\"\">Un site Web est un ensemble de pages reli\u00e9es entre elles par des liens hypertextes, accessibles via Internet. Cela peut sembler complexe, mais en r\u00e9alit\u00e9, un site Web est tout simplement une vitrine en ligne pour une entreprise, votre marque ou m\u00eame pour vous-m\u00eame.<\/p>\n\n\n\n\n\n<p class=\"\"><strong>Pourquoi vous devriez avoir un site?<\/strong><\/p>\r\n<p class=\"\">La r\u00e9ponse est simple: la visibilit\u00e9. Avec l&#8217;av\u00e8nement d&#8217;Internet, la plupart des consommateurs effectuent des recherches en ligne avant d&#8217;acheter un produit ou de faire appel \u00e0 un service. un site Web est un outil essentiel pour toute entreprise ou personne souhaitant se faire conna\u00eetre et atteindre un public plus large.<\/p>\r\n<p class=\"\"><strong>Comment Wiloutech d\u00e9velopper un site Web?<\/strong>&nbsp;<\/p>\r\n<p class=\"\">Wiloutech utilise des Frameworks&nbsp;de cr\u00e9ation de sites Web et autres outils pour d\u00e9velopper des sites Web professionnels. Investir dans un site Web de qualit\u00e9 peut g\u00e9n\u00e9rer des b\u00e9n\u00e9fices \u00e0 long terme pour votre entreprise.<\/p>\r\n<p><strong>Combien \u00e7a co\u00fbte pour avoir un site Web ?<\/strong><\/p>\r\n<p>Le co\u00fbt de la cr\u00e9ation d&#8217;un site web peut varier consid\u00e9rablement en fonction de plusieurs facteurs, de vos projets :<\/p>\r\n<p>Un site vitrine, un blog, un site e-commerce ou une application web ont des co\u00fbts diff\u00e9rents.<br>Plus le site est complexe (fonctionnalit\u00e9s, design sur mesure, etc.), plus le co\u00fbt sera \u00e9lev\u00e9.<\/p>\r\n<p>Si vous engagez un d\u00e9veloppeur ou une agence, cela peut co\u00fbter en fonction de&nbsp; vos projets. Les tarifs horaires des d\u00e9veloppeurs peuvent varier entre 80$ et 150 dollars de l&#8217;heure, voire plus pour des experts.<\/p>\r\n<p>Le co\u00fbt d&#8217;h\u00e9bergement varie entre 10$ et 100$ par mois voir plus selon la taille de votre site, tandis qu&#8217;un nom de domaine co\u00fbte g\u00e9n\u00e9ralement entre 10 et 20$&nbsp; par an.<\/p>\r\n<p>Pr\u00e9voyez un budget pour la maintenance r\u00e9guli\u00e8re, qui peut \u00eatre un co\u00fbt r\u00e9current mensuel ou annuel.<\/p>\r\n<p>Un site web peut co\u00fbter entre quelques centaines \u00e0 plusieurs milliers dollars, selon vos besoins sp\u00e9cifiques. Pour un site simple, vous pourriez vous en sortir pour 500$ \u00e0 5000 dollars, tandis qu&#8217;un site plus complexe peut co\u00fbter plusieurs milliers dollars.<\/p>\r\n<p><\/p>\n\n\n\n\n\n<\/p>\r\n<h4>Conception e-commerce\u00a0<\/h4>\r\n<p>\n\n\n\n\n<\/p>\r\n<p>\ud83d\ude80 TRANSFORMEZ VOTRE ENTREPRISE AVEC UN E-COMMERCE PROFESSIONNEL !\u00a0 \ud83d\udecd<\/p>\r\n<p>\u00a0Nous d\u00e9veloppons votre boutique virtuelle compl\u00e8te avec :<\/p>\r\n<p>\u00a0\u2705 Design r\u00e9actif et moderne<\/p>\r\n<p>\u00a0\u2705 Int\u00e9gration des paiements<\/p>\r\n<p>\u00a0\u2705 Catalogue de produits optimis\u00e9<\/p>\r\n<p>\u00a0\u2705 Panneau d&#8217;administration intuitif<\/p>\r\n<p>\u00a0\u2705R\u00e9f\u00e9rencement int\u00e9gr\u00e9<\/p>\r\n<p>\u00a0\u2705 S\u00e9curit\u00e9 garantie<\/p>\r\n<p>&nbsp;<\/p>\r\n<p>\u00a0\ud83d\udcbb Solutions personnalis\u00e9es pour :<\/p>\r\n<p>\u00a0Petites et moyennes entreprises<\/p>\r\n<p>\u00a0Microentrepreneurs<\/p>\r\n<p>\u00a0Des magasins physiques qui souhaitent s&#8217;agrandir.<\/p>\r\n<p>\n\n\n\n\n\n\n\n<p dir=\"ltr\" style=\"line-height:1.38;margin-top:12pt;margin-bottom:12pt;\"><span style=\"font-size:11pt;font-family:Arial,sans-serif;color:#000000;background-color:transparent;font-weight:700;font-style:normal;font-variant:normal;text-decoration:none;vertical-align:baseline;white-space:pre;white-space:pre-wrap;\">Qu&#8217;est-ce qu&#8217;une Boutique en ligne?<\/span><\/p><p><span id=\"docs-internal-guid-cb961359-7fff-5af8-9f4f-05bd85664bc8\"><\/span><\/p><p dir=\"ltr\" style=\"line-height:1.38;margin-top:12pt;margin-bottom:12pt;\"><span style=\"font-size:11pt;font-family:Arial,sans-serif;color:#000000;background-color:transparent;font-weight:400;font-style:normal;font-variant:normal;text-decoration:none;vertical-align:baseline;white-space:pre;white-space:pre-wrap;\">Une boutique en ligne est un site web o\u00f9 les entreprises peuvent vendre leurs produits et services directement aux consommateurs. Elle permet aux entreprises de cr\u00e9er une pr\u00e9sence en ligne et de proposer une exp\u00e9rience de shopping pratique et efficace pour les clients.<\/span><\/p>\n\n\n\n\n\n<p dir=\"ltr\" style=\"line-height:1.38;margin-top:12pt;margin-bottom:12pt;\"><span style=\"font-size:11pt;font-family:Arial,sans-serif;color:#000000;background-color:transparent;font-weight:700;font-style:normal;font-variant:normal;text-decoration:none;vertical-align:baseline;white-space:pre;white-space:pre-wrap;\">Pourquoi vous devriez avoir une boutique en ligne pour vos produits?<\/span><\/p><p dir=\"ltr\" style=\"line-height:1.38;margin-top:12pt;margin-bottom:12pt;\"><span style=\"font-size:11pt;font-family:Arial,sans-serif;color:#000000;background-color:transparent;font-weight:400;font-style:normal;font-variant:normal;text-decoration:none;vertical-align:baseline;white-space:pre;white-space:pre-wrap;\">La r\u00e9ponse est simple : pour rester comp\u00e9titif dans le monde du commerce moderne. Avec la popularit\u00e9 croissante des achats en ligne, il est essentiel pour les entreprises de suivre le rythme et de proposer une option de vente en ligne \u00e0 leurs clients. Les consommateurs recherchent la commodit\u00e9 et la rapidit\u00e9 dans leurs achats, et une boutique en ligne r\u00e9pond parfaitement \u00e0 ces besoins.<\/span><\/p><p dir=\"ltr\" style=\"line-height:1.38;margin-top:12pt;margin-bottom:12pt;\"><span style=\"font-size:11pt;font-family:Arial,sans-serif;color:#000000;background-color:transparent;font-weight:400;font-style:normal;font-variant:normal;text-decoration:none;vertical-align:baseline;white-space:pre;white-space:pre-wrap;\">N&#8217;h\u00e9sitez plus et lancez-vous dans le monde du commerce en ligne d\u00e8s aujourd&#8217;hui.<\/span><\/p><p dir=\"ltr\" style=\"line-height:1.38;margin-top:12pt;margin-bottom:12pt;\"><span style=\"font-size:11pt;font-family:Arial,sans-serif;color:#000000;background-color:transparent;font-weight:700;font-style:normal;font-variant:normal;text-decoration:none;vertical-align:baseline;white-space:pre;white-space:pre-wrap;\">Combien \u00e7a co\u00fbte pour avoir une Boutique en ligne ?<\/span><\/p><p dir=\"ltr\" style=\"line-height:1.38;margin-top:12pt;margin-bottom:12pt;\"><span style=\"font-size:11pt;font-family:Arial,sans-serif;color:#000000;background-color:transparent;font-weight:400;font-style:normal;font-variant:normal;text-decoration:none;vertical-align:baseline;white-space:pre;white-space:pre-wrap;\">Le co\u00fbt de la cr\u00e9ation d&#8217;une boutique en ligne peut varier consid\u00e9rablement en fonction de plusieurs facteurs, de vos projets :<\/span><\/p><p dir=\"ltr\" style=\"line-height:1.38;margin-top:12pt;margin-bottom:12pt;\"><span style=\"font-size:11pt;font-family:Arial,sans-serif;color:#000000;background-color:transparent;font-weight:400;font-style:normal;font-variant:normal;text-decoration:none;vertical-align:baseline;white-space:pre;white-space:pre-wrap;\">Si vous engagez un d\u00e9veloppeur ou un designer, cela peut co\u00fbter en fonction de&nbsp; vos projets et en fonction de la complexit\u00e9 de votre site.<\/span><\/p><p dir=\"ltr\" style=\"line-height:1.38;margin-top:12pt;margin-bottom:12pt;\"><span style=\"font-size:11pt;font-family:Arial,sans-serif;color:#000000;background-color:transparent;font-weight:400;font-style:normal;font-variant:normal;text-decoration:none;vertical-align:baseline;white-space:pre;white-space:pre-wrap;\">Si un d\u00e9veloppeur utilise les Plateformes comme: Shopify, WooCommerce, PrestaShop, Magento, etc.., cela peut co\u00fbter moins ch\u00e8re en fonctions de la taille de vos projets.&nbsp;<\/span><\/p><p dir=\"ltr\" style=\"line-height:1.38;margin-top:12pt;margin-bottom:12pt;\"><span style=\"font-size:11pt;font-family:Arial,sans-serif;color:#000000;background-color:transparent;font-weight:400;font-style:normal;font-variant:normal;text-decoration:none;vertical-align:baseline;white-space:pre;white-space:pre-wrap;\">Le co\u00fbt d&#8217;h\u00e9bergement varie entre 10$ et 100$ par mois voir plus selon la taille de votre site, tandis qu&#8217;un nom de domaine co\u00fbte g\u00e9n\u00e9ralement entre 10$ et 50$&nbsp; par an.<\/span><\/p><p dir=\"ltr\" style=\"line-height:1.38;margin-top:12pt;margin-bottom:12pt;\"><span style=\"font-size:11pt;font-family:Arial,sans-serif;color:#000000;background-color:transparent;font-weight:400;font-style:normal;font-variant:normal;text-decoration:none;vertical-align:baseline;white-space:pre;white-space:pre-wrap;\">Pr\u00e9voyez un budget pour la maintenance r\u00e9guli\u00e8re, qui peut \u00eatre un co\u00fbt r\u00e9current mensuel ou annuel.<\/span><\/p><p dir=\"ltr\" style=\"line-height:1.38;margin-top:12pt;margin-bottom:12pt;\"><span style=\"font-size:11pt;font-family:Arial,sans-serif;color:#000000;background-color:transparent;font-weight:400;font-style:normal;font-variant:normal;text-decoration:none;vertical-align:baseline;white-space:pre;white-space:pre-wrap;\">Une Boutique en ligne peut co\u00fbter entre quelques centaines \u00e0 plusieurs milliers dollars, selon vos besoins sp\u00e9cifiques. Pour une boutique en ligne simple, vous pourriez vous en sortir pour 500$ \u00e0 10.000 dollars, tandis qu&#8217;un site plus complexe peut co\u00fbter plusieurs milliers dollars.<\/span><\/p><p><span id=\"docs-internal-guid-24a135e6-7fff-a4d8-7ebc-e43f27fc9273\"><\/span><\/p><p dir=\"ltr\" style=\"line-height:1.38;margin-top:12pt;margin-bottom:12pt;\"><span style=\"font-size:11pt;font-family:Arial,sans-serif;color:#000000;background-color:transparent;font-weight:400;font-style:normal;font-variant:normal;text-decoration:none;vertical-align:baseline;white-space:pre;white-space:pre-wrap;\">Il est important de bien planifier et d&#8217;\u00e9tablir un budget en fonction de vos objectifs.<\/span><\/p>\n\n\n\n","protected":false},"excerpt":{"rendered":"","protected":false},"author":1,"featured_media":0,"parent":0,"menu_order":0,"comment_status":"closed","ping_status":"closed","template":"","meta":{"nf_dc_page":"","pagelayer_contact_templates":[],"_pagelayer_content":"","footnotes":""},"class_list":["post-4653","page","type-page","status-publish","hentry"],"yoast_head":"<!-- This site is optimized with the Yoast SEO plugin v27.4 - https:\/\/yoast.com\/product\/yoast-seo-wordpress\/ -->\n<title>Services - Wiloutech<\/title>\n<meta name=\"robots\" content=\"index, follow, max-snippet:-1, max-image-preview:large, max-video-preview:-1\" \/>\n<link rel=\"canonical\" href=\"https:\/\/wiloutech.com\/blog\/services\/\" \/>\n<meta property=\"og:locale\" content=\"fr_FR\" \/>\n<meta property=\"og:type\" content=\"article\" \/>\n<meta property=\"og:title\" content=\"Services - Wiloutech\" \/>\n<meta property=\"og:url\" content=\"https:\/\/wiloutech.com\/blog\/services\/\" \/>\n<meta property=\"og:site_name\" content=\"Wiloutech\" \/>\n<meta property=\"article:modified_time\" content=\"2024-12-14T17:57:35+00:00\" \/>\n<meta name=\"twitter:card\" content=\"summary_large_image\" \/>\n<meta name=\"twitter:label1\" content=\"Dur\u00e9e de lecture estim\u00e9e\" \/>\n\t<meta name=\"twitter:data1\" content=\"4 minutes\" \/>\n<script type=\"application\/ld+json\" class=\"yoast-schema-graph\">{\"@context\":\"https:\\\/\\\/schema.org\",\"@graph\":[{\"@type\":\"WebPage\",\"@id\":\"https:\\\/\\\/wiloutech.com\\\/blog\\\/services\\\/\",\"url\":\"https:\\\/\\\/wiloutech.com\\\/blog\\\/services\\\/\",\"name\":\"Services - Wiloutech\",\"isPartOf\":{\"@id\":\"https:\\\/\\\/wiloutech.com\\\/blog\\\/#website\"},\"datePublished\":\"2024-12-14T17:45:12+00:00\",\"dateModified\":\"2024-12-14T17:57:35+00:00\",\"breadcrumb\":{\"@id\":\"https:\\\/\\\/wiloutech.com\\\/blog\\\/services\\\/#breadcrumb\"},\"inLanguage\":\"fr-FR\",\"potentialAction\":[{\"@type\":\"ReadAction\",\"target\":[\"https:\\\/\\\/wiloutech.com\\\/blog\\\/services\\\/\"]}]},{\"@type\":\"BreadcrumbList\",\"@id\":\"https:\\\/\\\/wiloutech.com\\\/blog\\\/services\\\/#breadcrumb\",\"itemListElement\":[{\"@type\":\"ListItem\",\"position\":1,\"name\":\"Accueil\",\"item\":\"https:\\\/\\\/wiloutech.com\\\/blog\\\/\"},{\"@type\":\"ListItem\",\"position\":2,\"name\":\"Services\"}]},{\"@type\":\"WebSite\",\"@id\":\"https:\\\/\\\/wiloutech.com\\\/blog\\\/#website\",\"url\":\"https:\\\/\\\/wiloutech.com\\\/blog\\\/\",\"name\":\"Wiloutech\",\"description\":\"L&#039;\u00e9ducation est la cl\u00e9 de la vie\",\"publisher\":{\"@id\":\"https:\\\/\\\/wiloutech.com\\\/blog\\\/#organization\"},\"potentialAction\":[{\"@type\":\"SearchAction\",\"target\":{\"@type\":\"EntryPoint\",\"urlTemplate\":\"https:\\\/\\\/wiloutech.com\\\/blog\\\/?s={search_term_string}\"},\"query-input\":{\"@type\":\"PropertyValueSpecification\",\"valueRequired\":true,\"valueName\":\"search_term_string\"}}],\"inLanguage\":\"fr-FR\"},{\"@type\":\"Organization\",\"@id\":\"https:\\\/\\\/wiloutech.com\\\/blog\\\/#organization\",\"name\":\"Wiloutech\",\"url\":\"https:\\\/\\\/wiloutech.com\\\/blog\\\/\",\"logo\":{\"@type\":\"ImageObject\",\"inLanguage\":\"fr-FR\",\"@id\":\"https:\\\/\\\/wiloutech.com\\\/blog\\\/#\\\/schema\\\/logo\\\/image\\\/\",\"url\":\"https:\\\/\\\/wiloutech.com\\\/blog\\\/wp-content\\\/uploads\\\/2024\\\/12\\\/logo-wil12.jpg\",\"contentUrl\":\"https:\\\/\\\/wiloutech.com\\\/blog\\\/wp-content\\\/uploads\\\/2024\\\/12\\\/logo-wil12.jpg\",\"width\":250,\"height\":70,\"caption\":\"Wiloutech\"},\"image\":{\"@id\":\"https:\\\/\\\/wiloutech.com\\\/blog\\\/#\\\/schema\\\/logo\\\/image\\\/\"}}]}<\/script>\n<!-- \/ Yoast SEO plugin. -->","yoast_head_json":{"title":"Services - Wiloutech","robots":{"index":"index","follow":"follow","max-snippet":"max-snippet:-1","max-image-preview":"max-image-preview:large","max-video-preview":"max-video-preview:-1"},"canonical":"https:\/\/wiloutech.com\/blog\/services\/","og_locale":"fr_FR","og_type":"article","og_title":"Services - Wiloutech","og_url":"https:\/\/wiloutech.com\/blog\/services\/","og_site_name":"Wiloutech","article_modified_time":"2024-12-14T17:57:35+00:00","twitter_card":"summary_large_image","twitter_misc":{"Dur\u00e9e de lecture estim\u00e9e":"4 minutes"},"schema":{"@context":"https:\/\/schema.org","@graph":[{"@type":"WebPage","@id":"https:\/\/wiloutech.com\/blog\/services\/","url":"https:\/\/wiloutech.com\/blog\/services\/","name":"Services - Wiloutech","isPartOf":{"@id":"https:\/\/wiloutech.com\/blog\/#website"},"datePublished":"2024-12-14T17:45:12+00:00","dateModified":"2024-12-14T17:57:35+00:00","breadcrumb":{"@id":"https:\/\/wiloutech.com\/blog\/services\/#breadcrumb"},"inLanguage":"fr-FR","potentialAction":[{"@type":"ReadAction","target":["https:\/\/wiloutech.com\/blog\/services\/"]}]},{"@type":"BreadcrumbList","@id":"https:\/\/wiloutech.com\/blog\/services\/#breadcrumb","itemListElement":[{"@type":"ListItem","position":1,"name":"Accueil","item":"https:\/\/wiloutech.com\/blog\/"},{"@type":"ListItem","position":2,"name":"Services"}]},{"@type":"WebSite","@id":"https:\/\/wiloutech.com\/blog\/#website","url":"https:\/\/wiloutech.com\/blog\/","name":"Wiloutech","description":"L&#039;\u00e9ducation est la cl\u00e9 de la vie","publisher":{"@id":"https:\/\/wiloutech.com\/blog\/#organization"},"potentialAction":[{"@type":"SearchAction","target":{"@type":"EntryPoint","urlTemplate":"https:\/\/wiloutech.com\/blog\/?s={search_term_string}"},"query-input":{"@type":"PropertyValueSpecification","valueRequired":true,"valueName":"search_term_string"}}],"inLanguage":"fr-FR"},{"@type":"Organization","@id":"https:\/\/wiloutech.com\/blog\/#organization","name":"Wiloutech","url":"https:\/\/wiloutech.com\/blog\/","logo":{"@type":"ImageObject","inLanguage":"fr-FR","@id":"https:\/\/wiloutech.com\/blog\/#\/schema\/logo\/image\/","url":"https:\/\/wiloutech.com\/blog\/wp-content\/uploads\/2024\/12\/logo-wil12.jpg","contentUrl":"https:\/\/wiloutech.com\/blog\/wp-content\/uploads\/2024\/12\/logo-wil12.jpg","width":250,"height":70,"caption":"Wiloutech"},"image":{"@id":"https:\/\/wiloutech.com\/blog\/#\/schema\/logo\/image\/"}}]}},"_links":{"self":[{"href":"https:\/\/wiloutech.com\/blog\/wp-json\/wp\/v2\/pages\/4653","targetHints":{"allow":["GET"]}}],"collection":[{"href":"https:\/\/wiloutech.com\/blog\/wp-json\/wp\/v2\/pages"}],"about":[{"href":"https:\/\/wiloutech.com\/blog\/wp-json\/wp\/v2\/types\/page"}],"author":[{"embeddable":true,"href":"https:\/\/wiloutech.com\/blog\/wp-json\/wp\/v2\/users\/1"}],"replies":[{"embeddable":true,"href":"https:\/\/wiloutech.com\/blog\/wp-json\/wp\/v2\/comments?post=4653"}],"version-history":[{"count":6,"href":"https:\/\/wiloutech.com\/blog\/wp-json\/wp\/v2\/pages\/4653\/revisions"}],"predecessor-version":[{"id":4691,"href":"https:\/\/wiloutech.com\/blog\/wp-json\/wp\/v2\/pages\/4653\/revisions\/4691"}],"wp:attachment":[{"href":"https:\/\/wiloutech.com\/blog\/wp-json\/wp\/v2\/media?parent=4653"}],"curies":[{"name":"wp","href":"https:\/\/api.w.org\/{rel}","templated":true}]}}