{"id":65,"date":"2023-04-14T16:31:51","date_gmt":"2023-04-14T16:31:51","guid":{"rendered":"https:\/\/livemove.ga\/wIiloutravel\/?page_id=65"},"modified":"2024-12-14T13:31:44","modified_gmt":"2024-12-14T13:31:44","slug":"a-propos-de-nous","status":"publish","type":"page","link":"https:\/\/wiloutech.com\/blog\/a-propos-de-nous\/","title":{"rendered":"\u00c0 propos de nous"},"content":{"rendered":"<p><span style=\"font-weight: 400;\">L&#8217; objectif <\/span><b>Wiloutech <\/b><span style=\"font-weight: 400;\">est de partager des connaissances avec les gens sur diff\u00e9rents sujets de la vie \u00e0 travers des contenus, nos services,et des formations, de mani\u00e8re plus saine dans un monde qui nous pousse \u00e0 suivre de nombreuses mauvaises traditions \u00e0 cause de l&#8217;influence qu&#8217;elles ont sur nous. O\u00f9 chaque personne peut vivre ses r\u00eaves, quelle que soit sa situation sociale.<\/span><\/p>\n<p><b>Wiloutech<\/b><span style=\"font-weight: 400;\"> existe pour promouvoir le chemin de la connaissance.<\/span><\/p>\n<p>Beaucoup d&#8217;entre nous existent mais ne vivent pas comme nous devrions vivre.\u00a0Nous voulons vivre et d\u00e9couvrir le monde et briser toutes les cha\u00eenes qui nous maintiennent libres.<\/p>\n<p>Vous avez deux options dans la vie pour prendre le contr\u00f4le de votre Libert\u00e9\u00a0;<\/p>\n<p>La premi\u00e8re option : Choisissez une plateforme qui utilise votre temps pour devenir riche.<\/p>\n<p>La deuxi\u00e8me option : Choisissez de vous entra\u00eener avec une plateforme qui vous apprend la meilleure vie et obtenez une libert\u00e9 totale, afin de vous enrichir vers une vie \u00e9quilibr\u00e9e. <span class=\"VIpgJd-yAWNEb-VIpgJd-fmcmS-sn54Q\">C&#8217;est \u00e0 vous de choisir l&#8217;option qui vous convient.<\/span><\/p>\n<p>Vous \u00eates libre de choisir de vivre avec les mauvaises traditions.\u00a0\u00ab Certaines personnes n&#8217;aiment pas le changement, mais vous devez accepter le changement si l&#8217;alternative est un d\u00e9sastre.\u00a0&#8220;Elon Musk&#8221;<\/p>\n<p>J&#8217;esp\u00e8re que tu prendras la bonne d\u00e9cision.<\/p>\n","protected":false},"excerpt":{"rendered":"<p>L&#8217; objectif Wiloutech est de partager des connaissances avec les gens sur diff\u00e9rents sujets de la vie \u00e0 travers des contenus, nos services,et des formations, de mani\u00e8re plus saine dans un monde qui nous pousse \u00e0 suivre de nombreuses mauvaises traditions \u00e0 cause de l&#8217;influence qu&#8217;elles ont sur nous. O\u00f9 chaque personne peut vivre ses [&hellip;]<\/p>\n","protected":false},"author":2,"featured_media":0,"parent":0,"menu_order":0,"comment_status":"closed","ping_status":"closed","template":"","meta":{"nf_dc_page":"","pagelayer_contact_templates":[],"_pagelayer_content":"","footnotes":""},"class_list":["post-65","page","type-page","status-publish","hentry"],"yoast_head":"<!-- This site is optimized with the Yoast SEO plugin v27.4 - https:\/\/yoast.com\/product\/yoast-seo-wordpress\/ -->\n<title>\u00c0 propos de nous - Wiloutech<\/title>\n<meta name=\"description\" content=\"Notre objectif est d&#039;\u00e9duquer les gens sur diff\u00e9rents sujets de la vie \u00e0 travers des articles, des formations et d&#039;offrir nos services de mani\u00e8re plus saine dans un monde qui nous pousse \u00e0 suivre de nombreuses mauvaises traditions \u00e0 cause de l&#039;influence qu&#039;elles ont sur nous.\u00a0Wiloutech existe pour promouvoir le chemin de la connaissance et de la libert\u00e9.\" \/>\n<meta name=\"robots\" content=\"index, follow, max-snippet:-1, max-image-preview:large, max-video-preview:-1\" \/>\n<link rel=\"canonical\" href=\"https:\/\/wiloutech.com\/blog\/a-propos-de-nous\/\" \/>\n<meta property=\"og:locale\" content=\"fr_FR\" \/>\n<meta property=\"og:type\" content=\"article\" \/>\n<meta property=\"og:title\" content=\"\u00c0 propos de nous - Wiloutech\" \/>\n<meta property=\"og:description\" content=\"Notre objectif est d&#039;\u00e9duquer les gens sur diff\u00e9rents sujets de la vie \u00e0 travers des articles, des formations et d&#039;offrir nos services de mani\u00e8re plus saine dans un monde qui nous pousse \u00e0 suivre de nombreuses mauvaises traditions \u00e0 cause de l&#039;influence qu&#039;elles ont sur nous.\u00a0Wiloutech existe pour promouvoir le chemin de la connaissance et de la libert\u00e9.\" \/>\n<meta property=\"og:url\" content=\"https:\/\/wiloutech.com\/blog\/a-propos-de-nous\/\" \/>\n<meta property=\"og:site_name\" content=\"Wiloutech\" \/>\n<meta property=\"article:modified_time\" content=\"2024-12-14T13:31:44+00:00\" \/>\n<meta name=\"twitter:card\" content=\"summary_large_image\" \/>\n<meta name=\"twitter:label1\" content=\"Dur\u00e9e de lecture estim\u00e9e\" \/>\n\t<meta name=\"twitter:data1\" content=\"2 minutes\" \/>\n<script type=\"application\/ld+json\" class=\"yoast-schema-graph\">{\"@context\":\"https:\\\/\\\/schema.org\",\"@graph\":[{\"@type\":\"WebPage\",\"@id\":\"https:\\\/\\\/wiloutech.com\\\/blog\\\/a-propos-de-nous\\\/\",\"url\":\"https:\\\/\\\/wiloutech.com\\\/blog\\\/a-propos-de-nous\\\/\",\"name\":\"\u00c0 propos de nous - Wiloutech\",\"isPartOf\":{\"@id\":\"https:\\\/\\\/wiloutech.com\\\/blog\\\/#website\"},\"datePublished\":\"2023-04-14T16:31:51+00:00\",\"dateModified\":\"2024-12-14T13:31:44+00:00\",\"description\":\"Notre objectif est d'\u00e9duquer les gens sur diff\u00e9rents sujets de la vie \u00e0 travers des articles, des formations et d'offrir nos services de mani\u00e8re plus saine dans un monde qui nous pousse \u00e0 suivre de nombreuses mauvaises traditions \u00e0 cause de l'influence qu'elles ont sur nous.\u00a0Wiloutech existe pour promouvoir le chemin de la connaissance et de la libert\u00e9.\",\"breadcrumb\":{\"@id\":\"https:\\\/\\\/wiloutech.com\\\/blog\\\/a-propos-de-nous\\\/#breadcrumb\"},\"inLanguage\":\"fr-FR\",\"potentialAction\":[{\"@type\":\"ReadAction\",\"target\":[\"https:\\\/\\\/wiloutech.com\\\/blog\\\/a-propos-de-nous\\\/\"]}]},{\"@type\":\"BreadcrumbList\",\"@id\":\"https:\\\/\\\/wiloutech.com\\\/blog\\\/a-propos-de-nous\\\/#breadcrumb\",\"itemListElement\":[{\"@type\":\"ListItem\",\"position\":1,\"name\":\"Accueil\",\"item\":\"https:\\\/\\\/wiloutech.com\\\/blog\\\/\"},{\"@type\":\"ListItem\",\"position\":2,\"name\":\"\u00c0 propos de nous\"}]},{\"@type\":\"WebSite\",\"@id\":\"https:\\\/\\\/wiloutech.com\\\/blog\\\/#website\",\"url\":\"https:\\\/\\\/wiloutech.com\\\/blog\\\/\",\"name\":\"Wiloutech\",\"description\":\"L&#039;\u00e9ducation est la cl\u00e9 de la vie\",\"publisher\":{\"@id\":\"https:\\\/\\\/wiloutech.com\\\/blog\\\/#organization\"},\"potentialAction\":[{\"@type\":\"SearchAction\",\"target\":{\"@type\":\"EntryPoint\",\"urlTemplate\":\"https:\\\/\\\/wiloutech.com\\\/blog\\\/?s={search_term_string}\"},\"query-input\":{\"@type\":\"PropertyValueSpecification\",\"valueRequired\":true,\"valueName\":\"search_term_string\"}}],\"inLanguage\":\"fr-FR\"},{\"@type\":\"Organization\",\"@id\":\"https:\\\/\\\/wiloutech.com\\\/blog\\\/#organization\",\"name\":\"Wiloutech\",\"url\":\"https:\\\/\\\/wiloutech.com\\\/blog\\\/\",\"logo\":{\"@type\":\"ImageObject\",\"inLanguage\":\"fr-FR\",\"@id\":\"https:\\\/\\\/wiloutech.com\\\/blog\\\/#\\\/schema\\\/logo\\\/image\\\/\",\"url\":\"https:\\\/\\\/wiloutech.com\\\/blog\\\/wp-content\\\/uploads\\\/2024\\\/12\\\/logo-wil12.jpg\",\"contentUrl\":\"https:\\\/\\\/wiloutech.com\\\/blog\\\/wp-content\\\/uploads\\\/2024\\\/12\\\/logo-wil12.jpg\",\"width\":250,\"height\":70,\"caption\":\"Wiloutech\"},\"image\":{\"@id\":\"https:\\\/\\\/wiloutech.com\\\/blog\\\/#\\\/schema\\\/logo\\\/image\\\/\"}}]}<\/script>\n<!-- \/ Yoast SEO plugin. -->","yoast_head_json":{"title":"\u00c0 propos de nous - Wiloutech","description":"Notre objectif est d'\u00e9duquer les gens sur diff\u00e9rents sujets de la vie \u00e0 travers des articles, des formations et d'offrir nos services de mani\u00e8re plus saine dans un monde qui nous pousse \u00e0 suivre de nombreuses mauvaises traditions \u00e0 cause de l'influence qu'elles ont sur nous.\u00a0Wiloutech existe pour promouvoir le chemin de la connaissance et de la libert\u00e9.","robots":{"index":"index","follow":"follow","max-snippet":"max-snippet:-1","max-image-preview":"max-image-preview:large","max-video-preview":"max-video-preview:-1"},"canonical":"https:\/\/wiloutech.com\/blog\/a-propos-de-nous\/","og_locale":"fr_FR","og_type":"article","og_title":"\u00c0 propos de nous - Wiloutech","og_description":"Notre objectif est d'\u00e9duquer les gens sur diff\u00e9rents sujets de la vie \u00e0 travers des articles, des formations et d'offrir nos services de mani\u00e8re plus saine dans un monde qui nous pousse \u00e0 suivre de nombreuses mauvaises traditions \u00e0 cause de l'influence qu'elles ont sur nous.\u00a0Wiloutech existe pour promouvoir le chemin de la connaissance et de la libert\u00e9.","og_url":"https:\/\/wiloutech.com\/blog\/a-propos-de-nous\/","og_site_name":"Wiloutech","article_modified_time":"2024-12-14T13:31:44+00:00","twitter_card":"summary_large_image","twitter_misc":{"Dur\u00e9e de lecture estim\u00e9e":"2 minutes"},"schema":{"@context":"https:\/\/schema.org","@graph":[{"@type":"WebPage","@id":"https:\/\/wiloutech.com\/blog\/a-propos-de-nous\/","url":"https:\/\/wiloutech.com\/blog\/a-propos-de-nous\/","name":"\u00c0 propos de nous - Wiloutech","isPartOf":{"@id":"https:\/\/wiloutech.com\/blog\/#website"},"datePublished":"2023-04-14T16:31:51+00:00","dateModified":"2024-12-14T13:31:44+00:00","description":"Notre objectif est d'\u00e9duquer les gens sur diff\u00e9rents sujets de la vie \u00e0 travers des articles, des formations et d'offrir nos services de mani\u00e8re plus saine dans un monde qui nous pousse \u00e0 suivre de nombreuses mauvaises traditions \u00e0 cause de l'influence qu'elles ont sur nous.\u00a0Wiloutech existe pour promouvoir le chemin de la connaissance et de la libert\u00e9.","breadcrumb":{"@id":"https:\/\/wiloutech.com\/blog\/a-propos-de-nous\/#breadcrumb"},"inLanguage":"fr-FR","potentialAction":[{"@type":"ReadAction","target":["https:\/\/wiloutech.com\/blog\/a-propos-de-nous\/"]}]},{"@type":"BreadcrumbList","@id":"https:\/\/wiloutech.com\/blog\/a-propos-de-nous\/#breadcrumb","itemListElement":[{"@type":"ListItem","position":1,"name":"Accueil","item":"https:\/\/wiloutech.com\/blog\/"},{"@type":"ListItem","position":2,"name":"\u00c0 propos de nous"}]},{"@type":"WebSite","@id":"https:\/\/wiloutech.com\/blog\/#website","url":"https:\/\/wiloutech.com\/blog\/","name":"Wiloutech","description":"L&#039;\u00e9ducation est la cl\u00e9 de la vie","publisher":{"@id":"https:\/\/wiloutech.com\/blog\/#organization"},"potentialAction":[{"@type":"SearchAction","target":{"@type":"EntryPoint","urlTemplate":"https:\/\/wiloutech.com\/blog\/?s={search_term_string}"},"query-input":{"@type":"PropertyValueSpecification","valueRequired":true,"valueName":"search_term_string"}}],"inLanguage":"fr-FR"},{"@type":"Organization","@id":"https:\/\/wiloutech.com\/blog\/#organization","name":"Wiloutech","url":"https:\/\/wiloutech.com\/blog\/","logo":{"@type":"ImageObject","inLanguage":"fr-FR","@id":"https:\/\/wiloutech.com\/blog\/#\/schema\/logo\/image\/","url":"https:\/\/wiloutech.com\/blog\/wp-content\/uploads\/2024\/12\/logo-wil12.jpg","contentUrl":"https:\/\/wiloutech.com\/blog\/wp-content\/uploads\/2024\/12\/logo-wil12.jpg","width":250,"height":70,"caption":"Wiloutech"},"image":{"@id":"https:\/\/wiloutech.com\/blog\/#\/schema\/logo\/image\/"}}]}},"_links":{"self":[{"href":"https:\/\/wiloutech.com\/blog\/wp-json\/wp\/v2\/pages\/65","targetHints":{"allow":["GET"]}}],"collection":[{"href":"https:\/\/wiloutech.com\/blog\/wp-json\/wp\/v2\/pages"}],"about":[{"href":"https:\/\/wiloutech.com\/blog\/wp-json\/wp\/v2\/types\/page"}],"author":[{"embeddable":true,"href":"https:\/\/wiloutech.com\/blog\/wp-json\/wp\/v2\/users\/2"}],"replies":[{"embeddable":true,"href":"https:\/\/wiloutech.com\/blog\/wp-json\/wp\/v2\/comments?post=65"}],"version-history":[{"count":5,"href":"https:\/\/wiloutech.com\/blog\/wp-json\/wp\/v2\/pages\/65\/revisions"}],"predecessor-version":[{"id":4652,"href":"https:\/\/wiloutech.com\/blog\/wp-json\/wp\/v2\/pages\/65\/revisions\/4652"}],"wp:attachment":[{"href":"https:\/\/wiloutech.com\/blog\/wp-json\/wp\/v2\/media?parent=65"}],"curies":[{"name":"wp","href":"https:\/\/api.w.org\/{rel}","templated":true}]}}